ors of k(-6).
2, 11
Let t be 3/1*6/18. Let o be (-4 + t)*(3 - 5). What are the prime factors of 6/((-15)/o + 3)?
2, 3
Suppose -129 = -2*d + 1193. What are the prime factors of d?
661
Let m(u) = 34*u - 42. Let r be m(9). Suppose -84 = -2*l + r. List the prime factors of l.
2, 3, 29
Suppose 3*h - 5*o + 259 = 0, 4*h + 5*o - 4*o + 307 = 0. Let s = 188 + h. List the prime factors of s.
2, 5, 11
Suppose 13*q - 22391 = 10928. List the prime factors of q.
11, 233
Suppose 0 = -7*s + 4*s + 1530. List the prime factors of s.
2, 3, 5, 17
Suppose 0 = -4*x - 13 - 11. List the prime factors of (x/24)/(2/(-1112)).
139
Let q = -31 + 49. List the prime factors of (q/(-5))/((-2)/25).
3, 5
Let o = 2785 - 1877. What are the prime factors of o?
2, 227
Suppose 3*g + z = 245, g - 3*z = -5*z + 75. Let d = g + -56. What are the prime factors of d?
3
Let o = 330 + -325. Let k(f) = -f + 2. Let q be k(-2). Suppose 31 = 4*m - o*a, 9*m - q*a = 4*m + 50. What are the prime factors of m?
2, 7
Suppose -6*w + 2739 = -825. What are the prime factors of w?
2, 3, 11
Suppose -8 - 17 = w. Let t be (-2 + 1)*(25 - 4). Let j = t - w. List the prime factors of j.
2
Suppose -5*j + 9 = -2*j. Let u = j - -30. What are the prime factors of u?
3, 11
Let i = 359 + -653. Let u be ((-10)/15)/(2/i). Suppose 4*l - 18 = -a + 2*l, 2*l = -5*a + u. What are the prime factors of a?
2, 5
Suppose -2*z - 100 = 3*z. Let b be (z - -21)*0/2. Suppose -3*w + 2*i + 162 = b, -2*w + w = -2*i - 50. What are the prime factors of w?
2, 7
Let a(h) = 13*h**2 + 12*h - 53. List the prime factors of a(9).
2, 277
Let i be (-564)/987 + -10*89/(-14). Let x be 164/(-9) - (-2)/9. List the prime factors of (-284)/x + 14/i.
2
Let f(o) = -60*o - 4. What are the prime factors of f(-7)?
2, 13
Let x(v) = 7*v**3 + 5*v**2 - 15*v + 23. What are the prime factors of x(5)?
2, 3, 79
List the prime factors of 142*17*55/110.
17, 71
Let d be 10*92/12*-3. Let m = -162 - d. List the prime factors of m.
2, 17
Let y(i) = 129*i**2 + 3*i - 1. Let c be y(-1). What are the prime factors of (-1*6)/(-3) + c?
127
Suppose -38*c + 48*c - 5110 = 0. List the prime factors of c.
7, 73
Let h = -58 + 180. Let o = h - -8. List the prime factors of o.
2, 5, 13
Suppose 2*u = 4*s - 117 + 31, -3*s = 3*u - 87. Let q be (12/s)/((-1)/(-74)). Let y = q + 8. What are the prime factors of y?
3, 5
Let t = 1936 - 1008. What are the prime factors of t?
2, 29
Suppose 30579 = 39*c - 8226. What are the prime factors of c?
5, 199
Let l(n) = -n**3 + 7*n**2 + 2*n - 10. Let q be l(6). Let s = -9 + 14. What are the prime factors of (1 + q/10)*s?
2, 3
Let g = 20 - 18. Suppose g*s - 109 = 25. List the prime factors of s.
67
Let p = -38 + 62. Let x = 40 + p. List the prime factors of x.
2
Let v = 356 - 551. Let z = v - -292. What are the prime factors of z?
97
Suppose 5*r = 5*y + 20, 0*y = -5*y - 3*r + 20. Let d be 2*3/2*y. List the prime factors of ((-4)/d)/(2/(-39)).
2, 13
Suppose -636 = -2*w + 4*o, 3*w + 3*o = 519 + 426. Suppose -6*b + 4*b + w = 0. List the prime factors of b.
2, 79
Suppose 4*z = -51 - 37. Let a = z + 67. Suppose 0 = 3*h - 8*h + a. List the prime factors of h.
3
Let z be -2 + -1 + 0 + (-3)/(-3). List the prime factors of z*((-730)/(-4))/(-5).
73
Let p(c) = 244*c + 105. List the prime factors of p(3).
3, 31
Let h be 2*2/(6/9). Let t = h + -2. Suppose 5*k = -15, -t*b - 4*k + 32 = -0*k. List the prime factors of b.
11
Let i be (-12)/(-10)*1*5/(-2). What are the prime factors of 8/(-12) + (-92)/i?
2, 3, 5
Let v = -1816 - -3651. List the prime factors of v.
5, 367
Let k(w) = 7*w**3 - w**2 - 2*w + 5. Let y be k(4). Let o = y - 217. List the prime factors of o.
2, 53
Let v(u) = u**2 - 22. What are the prime factors of v(-28)?
2, 3, 127
Let k = 1319 + -823. List the prime factors of k.
2, 31
Suppose -4*h = -2*o - 2326, -2*h - 37*o + 1178 = -33*o. List the prime factors of h.
11, 53
Let r(o) = 3*o**3 - 13*o**2 - 21. What are the prime factors of r(9)?
3, 7, 53
Let k(p) be the first derivative of p**2/2 + 2*p + 2. List the prime factors of k(10).
2, 3
Let a(x) = -2*x + 37. Let m be a(-19). Suppose 4*f = -o - 0*o + m, -2*o + 5*f + 85 = 0. What are the prime factors of o?
5, 11
Let v(s) be the first derivative of 3*s**4/4 - 2*s**3 - s**2 - 17*s + 16. What are the prime factors of v(5)?
2, 3, 11
Let v(g) = 2*g - 2. Let s be v(2). What are the prime factors of s - 0*1/3?
2
Let z(q) be the second derivative of q**3/6 - q**2 - 4*q. Let o be z(5). What are the prime factors of -4 - -4 - (-30)/o?
2, 5
Let n = 5 - 4. Let f be (-9)/(4/(-3) + n). Let r = f + -14. What are the prime factors of r?
13
Suppose -z = -p + 3 - 25, -4*z = 3*p - 123. Suppose z*f = 28*f - 53. What are the prime factors of f?
53
Let q(s) = -s**3 + 7*s**2 - 2*s + 16. Let k be q(7). Suppose k*t + 292 = 2*y - 2*t, y = -5*t + 153. What are the prime factors of y?
2, 37
Let m = -20 + 20. Suppose -4*w - 16 = m, -6*g - w = -5*g - 21. Suppose -2*t + 13 = u - 7, 0 = -5*t + g. List the prime factors of u.
2, 5
Let d be 24/16*(-3)/(9/(-10)). Suppose -3*b = 5*g - 787, -743 - 542 = -d*b - 3*g. What are the prime factors of b?
2, 127
Suppose 25 - 22 = -n. Let u(l) = -13*l. Let w be u(-3). Let d = w + n. List the prime factors of d.
2, 3
Suppose 5*n = -5*g + 7960, -n + 59*g - 56*g = -1580. List the prime factors of n.
7, 227
Suppose -12 = 7*b - 11*b. Suppose 5*w - 51 = b*z, 4*z - w - 45 = -113. Let i = z - -56. What are the prime factors of i?
3, 13
Suppose 1 = s - 19. What are the prime factors of (8 - s)*100/(-6)?
2, 5
Suppose 0 = -5*s - 3*v + 23846, -v + 1898 + 12412 = 3*s. List the prime factors of s.
13, 367
Let w = 1771 - -2408. List the prime factors of w.
3, 7, 199
Let r = -17 + 32. Let l be r/(-6)*(-1 + -1). Suppose -5*t = -10, 2*a + l*t - t - 52 = 0. What are the prime factors of a?
2, 11
Let n(v) = v**2 + 16*v + 105. List the prime factors of n(-10).
3, 5
Let w(o) = -14*o + 9. Let b be w(8). Let a = -27 - b. List the prime factors of a.
2, 19
Suppose 7*z - 432 = -2*z. Let k = z + -31. List the prime factors of k.
17
Let f = 1738 - 464. What are the prime factors of f?
2, 7, 13
What are the prime factors of (-550)/(9/((-9)/2))?
5, 11
Let r(h) = -14*h**2 + 35*h - 35. Let m(l) = -5*l**2 + 12*l - 12. Let d(s) = -11*m(s) + 4*r(s). List the prime factors of d(5).
7
Let k(w) = 5*w**3 - w**2 - 3*w - 9. Let b be ((-18)/15)/(12/(-40)). List the prime factors of k(b).
283
Let i be (-6)/12 + (-21)/(-2) + -1. Suppose -i*u + 7*u = -42. What are the prime factors of u?
3, 7
Let g(h) = -h**2 + 5*h + 2. Let b be g(5). Suppose -b*q + 85 = 3*q - 4*t, 3*q = -5*t + 51. List the prime factors of q.
17
Let h(a) = 5*a + 1. Let v(w) = 4*w + 1. Let s(q) = -3*h(q) + 4*v(q). Let p be s(5). Suppose 3*g + 6 = p*g. What are the prime factors of g?
2
What are the prime factors of 1212/8*(-210)/(-45)?
7, 101
Let c = 40 + -3. Let s = c - 22. Suppose z - 15 = s. What are the prime factors of z?
2, 3, 5
Let t(f) = 61*f + 88. Let y be t(11). Let a = y - 422. List the prime factors of a.
337
Let v = -1403 + 3914. What are the prime factors of v?
3, 31
Let a(y) = 81*y**2 - 101*y + 10. List the prime factors of a(6).
2, 5, 29
Let i(k) = 20*k**2 + 26*k + 36. What are the prime factors of i(-11)?
2, 5, 7, 31
Let y = 2497 + -1010. List the prime factors of y.
1487
Suppose -5*v + 2251 = 2*g - 1452, -2*v = g - 1850. List the prime factors of g.
2, 461
Let v = -423 - -927. Suppose -5*a - 2*c = -a - v, 3*a - 377 = -2*c. Suppose 6*n - 41 = a. What are the prime factors of n?
2, 7
Suppose -59363 - 23496 = -49*c. List the prime factors of c.
19, 89
Let h = 3 - 3. Suppose h = 17*y - 12*y - 105. List the prime factors of y.
3, 7
Let n = -2163 + 3395. What are the prime factors of n?
2, 7, 11
Let n(j) = -1 + 33*j**2 - j - 3 + 16*j**2. Let z be n(-3). What are the prime factors of z/24 + 2/(-6)?
2, 3
Let w = -11 - -104. What are the prime factors of w?
3, 31
Suppose q - 4 = -q. Suppose q*a = -22 + 80. What are the prime factors of a?
29
Suppose 0*m = 2*m - 16. Let f(w) = w**2 - 10*w - 16. Let x be f(12). What are the prime factors of 58/m - x/32?
7
What are the prime factors of (0 + 78/24)*12?
3, 13
Let z = -33 - -30. Let a be (z/(-12))/(3/36). Suppose a*l - 176 = 5*i, 3*l - 240 = 4*i - 68. List the prime factors of l.
2, 13
Let c = 537 - 246. What are the prime